ose -496400 = -26*q + 3*q - 3786. Is q composite?
True
Suppose -21 = -8*n + 11. Suppose 3145 = n*y - 0*y + p, 4*y + 2*p = 3142. Is y composite?
False
Suppose -56*w + 10869329 = -8*w + 115*w. Is w composite?
False
Let m = -233 + 211. Is 294701/m*(-1 - (0 - -1)) a prime number?
False
Is (2529356/(-57) - 8)/(8/(-6)) a prime number?
True
Let p = -13969 - -9785. Let o(k) = -k - 2925. Let h be o(0). Let r = h - p. Is r prime?
True
Suppose 0 = -3*v - o + 2*o + 20214, -3*v + 20214 = 4*o. Is (-1)/12*-6*(v - 0) prime?
False
Let m be 3*(6/(-24))/(9/(-40548)). Suppose 4*a = -3*v + m, -v - 5*a = -936 - 205. Is v composite?
True
Suppose i - 1 = 0, -19*i = -5*x - 22*i + 496328. Is x composite?
True
Is ((-4302976)/(-256))/((-4)/(-88)) a prime number?
False
Let k(x) = 29653*x + 729. Is k(8) a prime number?
False
Suppose 395*p - 135946715 + 41330921 = 65255321. Is p a composite number?
True
Let m(y) = -2*y**2 + 24*y + 8. Let a be m(12). Let s(p) = -3*p - 13. Let r be s(-5). Is 116/a*236/r composite?
True
Suppose 5*j - 2*m - 1876 = 0, -11 = -j - 2*m + 369. Let o = j - -145. Is o prime?
True
Let z be (-25)/20 + (-79)/4. Is 4*(z/14)/(6/(-26033)) prime?
False
Suppose 0 = 6*z - 144049 - 97655. Suppose 0 = 2*k - m - z, -6*k + 10*k - 80570 = 3*m. Is k composite?
True
Suppose 3*i = 2*u - u - 18835, -u + 18800 = 4*i. Let f = 26423 - u. Is f prime?
True
Is -5 + 39828 + -7 + 5 prime?
True
Suppose -2*a = -4*s - 4 - 0, 2*a - 4 = 5*s. Suppose s*q + q = -3460. Let h = q - -4995. Is h a composite number?
True
Suppose 19*u + 3256 = 21*u. Let p = u + 4295. Is p prime?
True
Suppose 0 = -3*b - 4*n - 23, 3*b = b - n - 17. Let w be 51/15 - (-6)/(-15) - b. Let i = w + 62. Is i a prime number?
False
Let y be (-172)/(-6) - (-46)/(-69). Let g = -19567 - -28979. Suppose 32*m - g = y*m. Is m a prime number?
False
Let m(d) = -2*d**3 + 18*d**2 - 9*d + 60. Let j be m(9). Let x(f) = 36*f**2 + 29*f - 38. Is x(j) a composite number?
True
Let v(s) = 5*s**2 - 12*s - 7. Let w(p) = 4*p**2 - 13*p - 8. Let d(m) = 6*v(m) - 7*w(m). Let x be d(-9). Suppose 100 = -j + x*j. Is j a prime number?
False
Suppose 2*r = 4*i + 1047858, 4*r - 208640 - 1887124 = 2*i. Is r prime?
False
Suppose 0 = -110*k + 108*k + 10. Suppose 5*h - k*l - 19710 = 0, 7*h = 9*h + 3*l - 7909. Is h a composite number?
False
Suppose -4*z + 45 = 25. Suppose z*b - a = 13609, -19114 = -5*b - 2*a - 5517. Is b composite?
True
Suppose 0 = -w - 4*o - 11, -w + 2*o - 3*o = 5. Let d be (0 - 0) + (w - -2)*3. Is (-4)/d - (-70360)/24 prime?
False
Let p be (0 + 26)*2/(-4). Suppose l + 4*h - 2 = -10, h = -5. Let q = l - p. Is q a prime number?
False
Let z be 1992650/250 - 3/5. Is (-3)/((-8000)/z + 0 + 1) a composite number?
False
Suppose -4 = -4*h + 5*q + 36, -q + 11 = 3*h. Is h/(-10)*28048/(-8) composite?
False
Let s(w) = 2*w**2 + 5*w + 8. Let a(d) = -d**2 - 4*d - 7. Let g(c) = -5*a(c) - 4*s(c). Let n be g(-4). Is (-10)/n - 12830/(-18) a prime number?
False
Let d(u) = -12814*u + 5799. Is d(-92) a prime number?
False
Let h be -4 + (-7 - (493 - 5)). Let t = h - -1442. Is t composite?
True
Let c = -256 - -270. Suppose 17*y - c*y - 5937 = 0. Is y a composite number?
False
Let x(p) = 24*p**2 + 94*p + 19. Is x(-14) a composite number?
False
Let f = 25 - 28. Let x be (12/(-5))/(f/10). Let z(q) = 128*q**2 + 13*q - 9. Is z(x) a prime number?
True
Let d(s) = -8*s - 5*s + s**2 - 5 + 13*s. Let j be d(-3). Suppose j*h + h = 3*k - 6282, -3*k = 3*h - 6306. Is k a prime number?
True
Let j = 60335 + 57064. Is j prime?
False
Let c(p) = p - 12. Let a be c(17). Suppose s - a = -2. Is 889/2*8/12*s a prime number?
False
Let g = -162712 - -278345. Suppose 8*a = 15*a - g. Is a a composite number?
False
Suppose 12005 = 3*h + 245. Let y be (-3)/(-2)*84128/48. Let v = h - y. Is v a prime number?
True
Let w(g) = -2*g + 8865. Let p be w(0). Suppose -a - 876 = -z - p, 0 = -a - 5*z + 7965. Is a composite?
True
Let z = -227 - -232. Suppose -2*k - 17276 = -7*k + 3*q, -2*q = -z*k + 17279. Is k a prime number?
True
Suppose 1196 + 2315 + 473 = 16*p. Suppose 0 = -y + 3*g + 25, 0*g - 3*g - 89 = -5*y. Suppose -y*n = -15*n - p. Is n a composite number?
True
Suppose -m + 5*z = -5, -2*m = -5*z - 0*z - 5. Let c(i) = i**3 + i**2 + 2*i - 3310. Let v be c(m). Is (v/(-25))/((-4)/(-20)) a prime number?
False
Let w be 2 - -7 - (-46)/23. Let u(q) be the second derivative of q**5/20 - 3*q**4/4 + 5*q**3/6 + 16*q**2 + 2*q. Is u(w) prime?
False
Let o be (-1)/(2/(-3)) + (-4)/8. Is (2511 - (o + 3)) + -6 composite?
True
Suppose 0 = 4*a + 3*m + 17, 3*a = 7*m - 3*m - 19. Let f(d) = -8*d**3 - 6*d**2 - 6*d + 27. Is f(a) composite?
False
Suppose -6 = -2*x + 2. Suppose p = -x*p - 15, -2*p - 6 = 2*b. Suppose -m - 3*m + 1564 = b. Is m a composite number?
True
Suppose r - 3*r + 24 = 0. Let k(n) = -185 - 200 - 215 + 645 + 293*n. Is k(r) composite?
True
Suppose -2*k + 12 = -106. Suppose -k*l + 18575 = -34*l. Is l composite?
False
Let l(i) be the third derivative of 1/24*i**4 + 0 + 1/2*i**3 - 11*i**2 + 0*i + 1/15*i**5 - 2/15*i**6. Is l(-4) a prime number?
True
Let k(c) = -35*c**3 + 6*c - 19*c + 33*c**3 - 11*c**2 - 17. Let m be k(-15). Let y = -2466 + m. Is y a prime number?
True
Let p = 122345 - 34906. Is p a prime number?
False
Suppose -484600 - 142175722 = -484*v + 17748410. Is v prime?
True
Is ((-20)/2)/1 + (2816 - -133087) composite?
False
Suppose -20*q - q = -6*q - 2553615. Is q prime?
False
Let z(h) = 830*h**2 - 30*h - 1677. Is z(-22) a prime number?
True
Suppose -2*t + 9385 = 3*t. Suppose -4*p - 2505 = 5*x, p - 2*x = 4*p + t. Let o = p - -1096. Is o prime?
False
Let j = 277 + -276. Is ((-1109435)/(-94))/(j/2) composite?
True
Let c(k) = 4*k + 104. Let x be c(-24). Let a(t) = 79*t - 45. Is a(x) composite?
False
Suppose 7*p - 18*p - 401272900 = -111*p. Is p a prime number?
False
Let i be 9/15*((-16)/(-12) - -2). Suppose -i*z - 1897 = -g - 3*z, 4*z = 16. Suppose 0 = -5*k + 2*k + g. Is k prime?
True
Suppose c + 2*y = -1573, -2*c + 4*y = -3*c - 1575. Let v = c + 2230. Is v a composite number?
False
Let n = -54434 + 101241. Is n a composite number?
False
Let j be (-3)/((-24)/40) + -17723. Let p = -12445 - j. Is p a composite number?
False
Let y(o) be the third derivative of -3*o**6/40 + o**5/60 + o**3/2 - 6*o**2. Let n be y(-6). Let s = n - 186. Is s a prime number?
False
Let s = -416927 + 637254. Is s composite?
False
Suppose 9*d + 8*d = 0. Let n be (d/(-3))/(-2*(-3 + 2)). Suppose -2*z - 3*t + 1015 = n, 3*z - 2*t = 1973 - 470. Is z composite?
False
Suppose 5*x + 1043 = -4*w + 102, 4*x + 724 = 4*w. Let i = x - -408. Is i a prime number?
True
Let f(c) = 42*c - 396. Let v be f(12). Let n = 3497 - v. Is n composite?
False
Let v be ((-2)/8)/((-61)/3660). Is 20256 + (-10)/(-8) + v/4 a composite number?
False
Suppose 60*i = 15276129 - 3053349. Is i a prime number?
True
Suppose 234*g - 267*g = -15293289. Is g prime?
True
Let x = 60190 + 121413. Is x composite?
False
Let q be 1 + 7/((-28)/(-184)). Let l = q + -43. Is (746/l)/(1 - (-1)/(-2)) a prime number?
True
Let i(m) = -m**3 - 86*m**2 + 78*m - 1041. Is i(-88) a prime number?
True
Suppose -88*j + 761061 = -67*j. Is j prime?
True
Let f(k) = -31*k - 7. Let a = 70 - 51. Let z(w) = -3*w + 54. Let m be z(a). Is f(m) composite?
True
Let g = -42631 - -346496. Is g a prime number?
False
Let l(t) = t**3 - 18*t**2 + 18*t - 7. Let v(d) = 5*d**3 - 90*d**2 + 90*d - 35. Let s(q) = 11*l(q) - 2*v(q). Let r = 3604 + -3586. Is s(r) composite?
False
Suppose -3973272 + 38599304 = 138*c - 26*c. Is c prime?
False
Suppose -2*r - 3 + 11 = 0. Let f(q) = -9 - 9*q - 3*q - q**3 + 29*q**2 - r*q. Is f(15) a prime number?
False
Let n = 82 - 91. Let r(s) = -35*s**2 - 12*s + 5. Let g(z) = 36*z**2 + 13*z - 4. Let i(p) = -3*g(p) - 4*r(p). Is i(n) prime?
True
Let i be -2 - ((-723)/6)/(10/20). Suppose 18*z = 679 + i. Is z prime?
False
Suppose -m = 4*v + 47948, 3*v - 5*m = -8962 - 27022. Let n = 21493 + v. Is n prime?
False
Let h(n) = 14587*n - 113. Let s be h(11). Suppose -15*d + s = -110211. Is d a prime number?
False
Suppose -d + 4797807 = 5*h, 934*h = 931*h + 3*d + 2878677. Is h composite?
False
Let y be 72/9*3/(-6). Is 4/(y/(-5))*-1 - -5928 a composite number?
False
Let o(d) = 151*d**2 + 4*d + 8. Let t = -210 + 213. Is o(t) prime?
False
Is ((-162)/(-24))/9*241456/12 prime?
True
Suppose -5*f + 4 = 34. L